{"id":45,"date":"2023-03-13T17:17:14","date_gmt":"2023-03-13T16:17:14","guid":{"rendered":"http:\/\/www.provasitoweb.eu\/cliente7\/?page_id=45"},"modified":"2023-04-20T06:49:12","modified_gmt":"2023-04-20T06:49:12","slug":"inserimento-cv","status":"publish","type":"page","link":"https:\/\/careers.marsilli.com\/?page_id=45","title":{"rendered":"inserimento cv"},"content":{"rendered":"\t\t<div data-elementor-type=\"wp-page\" data-elementor-id=\"45\" class=\"elementor elementor-45\" data-elementor-post-type=\"page\">\n\t\t\t\t\t\t<section class=\"elementor-section elementor-top-section elementor-element elementor-element-7942e5b elementor-section-boxed elementor-section-height-default elementor-section-height-default\" data-id=\"7942e5b\" data-element_type=\"section\" data-e-type=\"section\">\n\t\t\t\t\t\t<div class=\"elementor-container elementor-column-gap-default\">\n\t\t\t\t\t<div class=\"elementor-column elementor-col-33 elementor-top-column elementor-element elementor-element-3ebb63b\" data-id=\"3ebb63b\" data-element_type=\"column\" data-e-type=\"column\">\n\t\t\t<div class=\"elementor-widget-wrap elementor-element-populated\">\n\t\t\t\t\t\t<div class=\"elementor-element elementor-element-a9da196 elementor-widget elementor-widget-image\" data-id=\"a9da196\" data-element_type=\"widget\" data-e-type=\"widget\" data-widget_type=\"image.default\">\n\t\t\t\t<div class=\"elementor-widget-container\">\n\t\t\t\t\t\t\t\t\t\t\t\t\t\t\t\t<a href=\"https:\/\/careers.marsilli.com\/\">\n\t\t\t\t\t\t\t<img decoding=\"async\" src=\"http:\/\/www.provasitoweb.eu\/cliente7\/wp-content\/uploads\/2023\/03\/LATTERING.png\" title=\"\" alt=\"\" loading=\"lazy\" \/>\t\t\t\t\t\t\t\t<\/a>\n\t\t\t\t\t\t\t\t\t\t\t\t\t\t\t<\/div>\n\t\t\t\t<\/div>\n\t\t\t\t\t<\/div>\n\t\t<\/div>\n\t\t\t\t<div class=\"elementor-column elementor-col-66 elementor-top-column elementor-element elementor-element-2c45cf6\" data-id=\"2c45cf6\" data-element_type=\"column\" data-e-type=\"column\" data-settings=\"{&quot;background_background&quot;:&quot;classic&quot;}\">\n\t\t\t<div class=\"elementor-widget-wrap\">\n\t\t\t\t\t\t\t<\/div>\n\t\t<\/div>\n\t\t\t\t\t<\/div>\n\t\t<\/section>\n\t\t\t\t<section class=\"elementor-section elementor-top-section elementor-element elementor-element-b573093 elementor-section-boxed elementor-section-height-default elementor-section-height-default\" data-id=\"b573093\" data-element_type=\"section\" data-e-type=\"section\">\n\t\t\t\t\t\t<div class=\"elementor-container elementor-column-gap-default\">\n\t\t\t\t\t<div class=\"elementor-column elementor-col-100 elementor-top-column elementor-element elementor-element-ddc48c7\" data-id=\"ddc48c7\" data-element_type=\"column\" data-e-type=\"column\">\n\t\t\t<div class=\"elementor-widget-wrap elementor-element-populated\">\n\t\t\t\t\t\t<div class=\"elementor-element elementor-element-67e954f elementor-widget elementor-widget-formidable\" data-id=\"67e954f\" data-element_type=\"widget\" data-e-type=\"widget\" data-widget_type=\"formidable.default\">\n\t\t\t\t<div class=\"elementor-widget-container\">\n\t\t\t\t\t<div class=\"frm_forms  with_frm_style frm_style_formidable-style\" id=\"frm_form_2_container\" data-token=\"0cd9c8252b7573a3b788e5391abbd9bb\">\n<form enctype=\"multipart\/form-data\" method=\"post\" class=\"frm-show-form  frm_pro_form \" id=\"form_cv\" data-token=\"0cd9c8252b7573a3b788e5391abbd9bb\">\n<div class=\"frm_form_fields \">\n<fieldset>\n<legend class=\"frm_screen_reader\">Cv<\/legend>\r\n\r\n<div class=\"frm_fields_container\">\n<input type=\"hidden\" name=\"frm_action\" value=\"create\" \/>\n<input type=\"hidden\" name=\"form_id\" value=\"2\" \/>\n<input type=\"hidden\" name=\"frm_hide_fields_2\" id=\"frm_hide_fields_2\" value=\"\" \/>\n<input type=\"hidden\" name=\"form_key\" value=\"cv\" \/>\n<input type=\"hidden\" name=\"item_meta[0]\" value=\"\" \/>\n<input type=\"hidden\" id=\"frm_submit_entry_2\" name=\"frm_submit_entry_2\" value=\"53d35b145a\" \/><input type=\"hidden\" name=\"_wp_http_referer\" value=\"\/index.php?rest_route=%2Fwp%2Fv2%2Fpages%2F45\" \/><div id=\"frm_field_6_container\" class=\"frm_form_field  frm12 frm_first frm_html_container form-field\">\n<p><b>PRIVACY POLICY (CV)<\/b><\/p>\n<p>La presente informativa \u00e8 fornita ai sensi del D.Lgs. 196\/2003 \u201cCodice in materia di protezione dei dati personali\u201d (come novellato dal D.Lgs. 101\/2018, che ha adeguato la normativa nazionale al Regolamento UE 2016\/679 denominato GDPR).<\/p>\n<p><b>CHI E\u2019 IL TITOLARE DEL TRATTEMENTO DEI DATI PERSONALI<\/b><\/p>\n<p>Marsilli S.p.A (di seguito la<b> \u201cSociet\u00e0\u201d<\/b>), con sede in Italia, Castelleone (CR), Via Per Ripalta Arpina 14.<\/p>\n<p>La Societ\u00e0 \u00e8 Titolare del trattamento dei dati personali raccolti.<span class=\"Apple-converted-space\">\u00a0<\/span><\/p>\n<p>L\u2019elenco dei responsabili del trattamento \u00e8 disponibile presso la sede della Societ\u00e0.<\/p>\n<p><b>CONTATTI<\/b><\/p>\n<p>I dati di contatto della Societ\u00e0, quale titolare del trattamento, possono essere richiesti al seguente indirizzo e-mail: privacy@marsilli.it<\/p>\n<p><b>QUALI DATI PERSONALI POSSONO ESSERE RACCOLTI<\/b><\/p>\n<p>Possono essere raccolti i dati da Lei forniti volontariamente ai fini della selezione, quali:<\/p>\n<ul>\n<li>Dati di contatto \u2013 informazioni relative al nominativo, luogo e data di nascita, residenza, numero di telefono, numero di cellulare, indirizzo email, ecc.<\/li>\n<li>Informazioni relative al percorso di istruzione e formazione.<\/li>\n<li>Esperienze lavorative maturate.<\/li>\n<li>Eventuali interessi, e altre informazioni da Lei liberamente indicate nel CV.<\/li>\n<li>Eventuali dati particolari, quali ad esempio l\u2019appartenenza a categorie protette.<\/li>\n<\/ul>\n<p><b>COME RACCOGLIAMO I DATI PERSONALI<\/b><\/p>\n<p>La Societ\u00e0 raccoglie e tratta i dati personali nelle seguenti circostanze:<\/p>\n<ul>\n<li>candidatura spontanea;<\/li>\n<li>candidatura in risposta alle nostre campagne di selezione;<\/li>\n<\/ul>\n<p>Qualora Lei desiderasse aggiornare i Suoi dati personali la invitiamo ad utilizzare la medesima procedura di comunicazione da Lei attualmente in uso, vale a dire inoltrando una nuova candidatura.<\/p>\n<p><b>PER QUALI FINALIT\u00c0 POSSONO ESSERE TRATTATI I DATI PERSONALI<\/b><\/p>\n<p><b>Attivit\u00e0 di selezione del personale<\/b><\/p>\n<p>La Societ\u00e0 pu\u00f2 trattare i Suoi Dati personali ai fini del processo di ricerca e selezione del personale da inserire nell\u2019organico, ivi inclusi, per esempio la registrazione del suo CV nel database del titolare; la Societ\u00e0 potr\u00e0 inoltre trattare i Suoi dati ed in particolare la Sua email o numero di telefono, per fornirLe informazioni relative alla selezione.<\/p>\n<p>Presupposto per il trattamento dei dati \u00e8 l\u2019esecuzione di attivit\u00e0 di natura precontrattuale, ai sensi dell\u2019art. 6, par.1 lett. b) del GDPR. Mentre il presupposto per il trattamento dei suoi dati di natura particolare, ove spontaneamente forniti, \u00e8 il <b>consenso<\/b>.<\/p>\n<p>Il consenso al trattamento dei dati particolari \u00e8 obbligatorio ai fini della selezione. Il mancato consenso al trattamento dei dati particolari non consentir\u00e0 la partecipazione alla selezione in quanto i dati trasmessi non possono essere trattati.<\/p>\n<p><b>COME CONSERVIAMO E PROTEGGIAMO I DATI PERSONALI<\/b><\/p>\n<p>Tutti i Suoi dati personali sono conservati nei nostri archivi, sia informatici che cartacei, o su quelli dei nostri fornitori di servizi per l\u2019archiviazione e sono accessibili ed utilizzabili in base ai nostri standard e alle nostre policy di sicurezza.<\/p>\n<p>Il personale autorizzato a trattare i Suoi dati \u00e8 debitamente formato e abilitato in base alle attivit\u00e0 da svolgere e ai compiti assegnati.<\/p>\n<p>La Societ\u00e0 utilizza tutte le misure necessarie alla garanzia della sicurezza, riservatezza, integrit\u00e0 e disponibilit\u00e0 dei Suoi dati personali, attraverso un sistema di sicurezza certificato ISO\/IEC 27001.<\/p>\n<p><b>PER QUANTO TEMPO CONSERVIAMO LE SUE INFORMAZIONI<\/b><\/p>\n<p>Conserviamo i Suoi dati personali solo per il tempo necessario al conseguimento delle finalit\u00e0 per le quali sono stati raccolti o per qualsiasi altra legittima finalit\u00e0 collegata. Pertanto, se i dati personali sono trattati per due differenti finalit\u00e0, conserveremo tali dati fino a che non cesser\u00e0 la finalit\u00e0 con il termine pi\u00f9 lungo, tuttavia non tratteremo pi\u00f9 i dati personali per quella finalit\u00e0 il cui periodo di conservazione sia venuto meno.<\/p>\n<p>I Suoi dati personali che non siano pi\u00f9 necessari, o per i quali non vi sia pi\u00f9 un presupposto giuridico per la relativa conservazione, vengono anonimizzati irreversibilmente (e in tal modo possono essere conservati) o distrutti in modo sicuro<\/p>\n<p>Qui di seguito riportiamo i tempi di conservazione in relazione alle differenti finalit\u00e0 sopra elencate:<\/p>\n<p>Attivit\u00e0 di selezione del personale: i dati personali trattati per finalit\u00e0 di selezione potranno essere conservati sino a 12 mesi dalla data di ricezione degli stessi o dal loro aggiornamento. Potr\u00e0 in ogni momento esercitare i suoi diritti in forma scritta via email all\u2019indirizzo privacy@marsilli.it.<\/p>\n<p><b>CON CHI POSSIAMO CONDIVIDERE I SUOI DATI PERSONALI<\/b><\/p>\n<p>Ai Suoi dati personali possono avere accesso:<\/p>\n<ul>\n<li>i dipendenti debitamente autorizzati<\/li>\n<li>i fornitori di servizi connessi con la selezione e il trattamento dei dati comunicati.<\/li>\n<li>fornitori esterni, nominati, se necessario, responsabili del trattamento, che forniscono supporto per l\u2019erogazione dei servizi informatici.<\/li>\n<\/ul>\n<p><b>I SUOI DIRITTI IN MATERIA DI PROTEZIONE DEI DATI E IL SUO DIRITTO DI AVANZARE RECLAMI<span class=\"Apple-converted-space\">\u00a0<\/span><\/b><\/p>\n<p>Ai sensi del GDPR, ove ne sussistano le condizioni, Lei potr\u00e0 esercitare i seguenti diritti:<\/p>\n<ul>\n<li>l\u2019accesso ai Suoi dati personali;<\/li>\n<li>la copia dei dati personali forniti (c.d. portabilit\u00e0);<\/li>\n<li>la rettifica dei dati forniti;<\/li>\n<li>la cancellazione di qualsiasi dato per il quale non sussista pi\u00f9 alcun presupposto giuridico per il trattamento;<\/li>\n<li>la revoca del consenso;<\/li>\n<li>la limitazione al trattamento dei Suoi dati personali, nei limiti previsti dalla normativa;<\/li>\n<li>l\u2019opposizione al trattamento ove previsto dalla normativa applicabile.<\/li>\n<\/ul>\n<p>L\u2019esercizio di tali diritti soggiace ad alcune eccezioni finalizzate alla salvaguardia dell\u2019interesse pubblico. Nel caso in cui Lei esercitasse uno qualsiasi dei summenzionati diritti, sar\u00e0 nostro onere verificare che Lei sia legittimato ad esercitarlo e Le daremo riscontro, di regola, entro un mese.<\/p>\n<p>Per eventuali reclami e segnalazioni \u00e0 Suo diritto di rivolgersi alle autorit\u00e0 di controllo.<\/p>\n<p>\u00a0<\/p>\n<p><b>CONSENSO AL TRATTAMENTO<\/b><\/p>\n<p>Con l\u2019inserimento dei Suoi dati personali e spuntando la casella in calce al presente modulo Lei manifesta il consenso al trattamento dei dati nell\u2019ambito delle finalit\u00e0 e modalit\u00e0 sopra richiamate.<\/p>\n<p>In particolare, Lei esprime il Suo consenso per il trattamento dei dati particolari finalizzati alla selezione del personale e la comunicazione dei dati a terzi, cos\u00ec come indicati nella presente informativa.<\/p>\n<p>Tale consenso vale fino a revoca scritta da comunicare via email all\u2019indirizzo privacy@marsilli.it.<\/p>\n<\/div>\n<div id=\"frm_field_7_container\" class=\"frm_form_field form-field  frm_required_field frm_top_container frm_half frm_half frm_third frm_two_thirds\">\r\n    <label for=\"field_1hqrs\" id=\"field_1hqrs_label\" class=\"frm_primary_label\">Acconsento al trattamento dei miei dati\r\n        <span class=\"frm_required\" aria-hidden=\"true\">*<\/span>\r\n    <\/label>\r\n    \n<div >\n    <label class=\"frm_switch_block\">\n\t\t\t\t\t<span class=\"frm_off_label frm_switch_opt\">No<\/span>\n\t\t\n\t\t<input type=\"checkbox\" name=\"item_meta[7][]\" id=\"field_1hqrs\" value=\"SI\"\n\t\t\t\t\t\t\t\t\t\tdata-off=\"No\"\n\t\t\t\t\t\t data-reqmsg=\"In caso di mancata approvazione del consenso non \u00e8 possibile procedere con l&#039;inserimento dei dai personali\" aria-required=\"true\" data-invmsg=\"Acconsento al trattamento dei miei dati non \u00e8 valido\" aria-invalid=\"false\"  \t\t\/>\n\n\t\t<span class=\"frm_switch\" tabindex=\"0\" role=\"switch\" aria-labelledby=\"field_1hqrs_label\" aria-checked=\"false\">\n\t\t\t<span class=\"frm_slider\"><\/span>\n\t\t<\/span>\n\n\t\t\t\t\t<span class=\"frm_on_label frm_switch_opt\">SI<\/span>\n\t<\/label>\n<\/div>\n\r\n    \r\n    \r\n<\/div>\n<div id=\"frm_field_18_container\" class=\"frm_form_field form-field \">\n\t<div class=\"frm_submit\">\r\n\r\n<button class=\"frm_button_submit frm_final_submit has-text-color has-background\" type=\"submit\"  >Prosegui con l&#039;inserimento<\/button>\r\n\r\n\r\n<\/div>\n<\/div>\n\t<input type=\"hidden\" name=\"item_key\" value=\"\" \/>\n\t\t\t<div id=\"frm_field_22_container\">\n\t\t\t<label for=\"field_d78bk\" >\n\t\t\t\tSe sei un essere umano, lascia questo campo vuoto.\t\t\t<\/label>\n\t\t\t<input  id=\"field_d78bk\" type=\"text\" class=\"frm_form_field form-field frm_verify\" name=\"item_meta[22]\" value=\"\"  \/>\n\t\t<\/div>\n\t\t<input name=\"frm_state\" type=\"hidden\" value=\"sGkHbfydBwopD7\/l\/BIg2IuI4AngXomh1crr7SjhWiYf9dN4atBYyEzplwa0ezhk\" \/><\/div>\n<\/fieldset>\n<\/div>\n\n<\/form>\n<\/div>\n\t\t\t\t<\/div>\n\t\t\t\t<\/div>\n\t\t\t\t\t<\/div>\n\t\t<\/div>\n\t\t\t\t\t<\/div>\n\t\t<\/section>\n\t\t\t\t<section class=\"elementor-section elementor-top-section elementor-element elementor-element-33dae84e elementor-section-boxed elementor-section-height-default elementor-section-height-default\" data-id=\"33dae84e\" data-element_type=\"section\" data-e-type=\"section\">\n\t\t\t\t\t\t<div class=\"elementor-container elementor-column-gap-default\">\n\t\t\t\t\t<div class=\"elementor-column elementor-col-25 elementor-top-column elementor-element elementor-element-6cbeef4e\" data-id=\"6cbeef4e\" data-element_type=\"column\" data-e-type=\"column\">\n\t\t\t<div class=\"elementor-widget-wrap\">\n\t\t\t\t\t\t\t<\/div>\n\t\t<\/div>\n\t\t\t\t<div class=\"elementor-column elementor-col-50 elementor-top-column elementor-element elementor-element-73fffb8c\" data-id=\"73fffb8c\" data-element_type=\"column\" data-e-type=\"column\">\n\t\t\t<div class=\"elementor-widget-wrap elementor-element-populated\">\n\t\t\t\t\t\t<div class=\"elementor-element elementor-element-602cdf8e elementor-widget elementor-widget-text-editor\" data-id=\"602cdf8e\" data-element_type=\"widget\" data-e-type=\"widget\" data-widget_type=\"text-editor.default\">\n\t\t\t\t<div class=\"elementor-widget-container\">\n\t\t\t\t\t\t\t\t\t<p style=\"text-align: center;\"><span class=\"copyright\">Copyright \u00a9 2020 Marsilli. All Rights Reserved | <a href=\"https:\/\/marsilli.com\/\">MARSILLI S.p.A.<\/a> | VAT IT01417050190 |\u00a0<a href=\"https:\/\/marsilli.com\/legal-notice-2\/\">Legal Notice <\/a>|<a href=\"https:\/\/www.iubenda.com\/privacy-policy\/8030742\">Cookie Policy<\/a>|<a href=\"https:\/\/marsilli.com\/wp-content\/uploads\/2020\/11\/informativa-privacy_2.pdf\" data-lf-fd-inspected-kn9eq4rm2dl7rlvp=\"true\">Privacy Policy<\/a> |<\/span><\/p>\t\t\t\t\t\t\t\t<\/div>\n\t\t\t\t<\/div>\n\t\t\t\t\t<\/div>\n\t\t<\/div>\n\t\t\t\t<div class=\"elementor-column elementor-col-25 elementor-top-column elementor-element elementor-element-7477d57f\" data-id=\"7477d57f\" data-element_type=\"column\" data-e-type=\"column\">\n\t\t\t<div class=\"elementor-widget-wrap\">\n\t\t\t\t\t\t\t<\/div>\n\t\t<\/div>\n\t\t\t\t\t<\/div>\n\t\t<\/section>\n\t\t\t\t<\/div>\n\t\t","protected":false},"excerpt":{"rendered":"<p>Cv PRIVACY POLICY (Nuove risorse umane &#8211; CV) La presente informativa \u00e8 fornita ai sensi del D.Lgs. 196\/2003 \u201cCodice in materia di protezione dei dati personali\u201d (come novellato dal D.Lgs. 101\/2018, che ha adeguato la normativa nazionale al Regolamento UE 2016\/679 denominato GDPR). CHI E\u2019 IL TITOLARE DEL TRATTEMENTO DEI DATI PERSONALI Marsilli S.p.A (di&hellip; <a class=\"more-link\" href=\"https:\/\/careers.marsilli.com\/?page_id=45\">Continua a leggere <span class=\"screen-reader-text\">inserimento cv<\/span><\/a><\/p>\n","protected":false},"author":1,"featured_media":0,"parent":0,"menu_order":0,"comment_status":"closed","ping_status":"closed","template":"elementor_canvas","meta":{"footnotes":""},"class_list":["post-45","page","type-page","status-publish","hentry","entry"],"_links":{"self":[{"href":"https:\/\/careers.marsilli.com\/index.php?rest_route=\/wp\/v2\/pages\/45","targetHints":{"allow":["GET"]}}],"collection":[{"href":"https:\/\/careers.marsilli.com\/index.php?rest_route=\/wp\/v2\/pages"}],"about":[{"href":"https:\/\/careers.marsilli.com\/index.php?rest_route=\/wp\/v2\/types\/page"}],"author":[{"embeddable":true,"href":"https:\/\/careers.marsilli.com\/index.php?rest_route=\/wp\/v2\/users\/1"}],"replies":[{"embeddable":true,"href":"https:\/\/careers.marsilli.com\/index.php?rest_route=%2Fwp%2Fv2%2Fcomments&post=45"}],"version-history":[{"count":18,"href":"https:\/\/careers.marsilli.com\/index.php?rest_route=\/wp\/v2\/pages\/45\/revisions"}],"predecessor-version":[{"id":475,"href":"https:\/\/careers.marsilli.com\/index.php?rest_route=\/wp\/v2\/pages\/45\/revisions\/475"}],"wp:attachment":[{"href":"https:\/\/careers.marsilli.com\/index.php?rest_route=%2Fwp%2Fv2%2Fmedia&parent=45"}],"curies":[{"name":"wp","href":"https:\/\/api.w.org\/{rel}","templated":true}]}}